 - 15, 0 = l - 2*l - 5*s - 15. Determine a(l).
6
Let b(t) = -11*t**3 + 13*t**2 + 8*t + 15. Let y(x) = 4*x**3 - 4*x**2 - 3*x - 5. Let z(f) = 3*b(f) + 8*y(f). What is z(7)?
5
Let t be (-6 - -1)*36/(-30). Suppose t = 3*o, 0*o = 3*w + o + 16. Let y(d) = -3*d - 8. Calculate y(w).
10
Let v(f) = f**2 + 7*f + 6. Let o be (0 + -1)/(2/(-24)). Suppose -5*p = -2*p + o. Calculate v(p).
-6
Let o(h) = h. Let g(l) be the second derivative of l**3/3 + 7*l**2 + 3*l. Let j be g(-6). What is o(j)?
2
Let j be 2/(-4) + 15/(-6). Let k be (1 + j - 3) + 1. Let u(i) = -i**2 - 4*i - 3. Calculate u(k).
-3
Let w(b) = b + 6. Let d(y) = -y**2 - 9*y - 6. Let c be d(-9). Calculate w(c).
0
Let x(h) be the third derivative of -h**5/60 + h**4/24 + 8*h**3/3 - 50*h**2. Determine x(0).
16
Suppose -5*a + 32 = -a. Let u = a + -7. Let z(q) = 6*q**3 + q**2 - 2*q + 1. Give z(u).
6
Let l(b) be the second derivative of -5*b**4/12 + b**2/2 + 6*b. Give l(1).
-4
Let a(g) = -2*g**2 - 5 + 5. Suppose -4*d = -2*d - 2. Calculate a(d).
-2
Let z(h) = h**2 + 2*h + 2. Let i be z(-3). Suppose 3*k - i*k + 26 = 0. Let n(u) = k - 6 + u + 0*u. What is n(-4)?
3
Let v be (-5)/1 + 3 + -3. Let n(x) = x**3 + x**2 - 2*x + 4. Let o be n(-3). Let g = o - v. Let s(f) = -f**2 - f - 2. Calculate s(g).
-8
Let k(m) = 2*m**3 + m + 1. Let i(t) = -11*t**3 - 5*t**2 - 12*t - 14. Let w(p) = -i(p) - 6*k(p). Determine w(6).
8
Let m(g) be the second derivative of g**5/20 + g**4/4 - 7*g**3/6 - 3*g**2 - g. Let c = 17 - 10. Let y(b) = b**2 - 9*b + 10. Let f be y(c). What is m(f)?
6
Suppose -3 = 3*o + 5*n + 34, 0 = -n - 5. Let a(h) = h**3 + 2*h**2 - 5*h - 6. Calculate a(o).
-18
Let b(f) be the first derivative of 0*f + 1/60*f**5 - 2/3*f**3 - 1 - f**2 + 0*f**4. Let d(t) be the second derivative of b(t). What is d(3)?
5
Let z(t) = -t + 2. Let k be 40/15 + (-1)/(-3). Suppose -2*r + 10 = k*r. Suppose -r*a + 2 = -4*j - 6, -3*j + 5*a + 1 = 0. Give z(j).
5
Let r(i) = i**2 + 8*i + 2. Let b(z) = -z + 1. Let k(d) = -2*b(d) - r(d). Calculate k(-5).
1
Suppose -1 = -2*y - 5. Suppose -2*x = -x. Let z = x - y. Let r(u) = u**3 + u**2 - 3*u + 3. Give r(z).
9
Let x(y) = y + 2. Let n be x(-5). Let r(s) be the first derivative of s**5/40 + s**3/3 + 2. Let m(q) be the third derivative of r(q). Give m(n).
-9
Let s(q) be the first derivative of -q**3/3 + q**2 - q + 1. Let b be (-3)/9 + 30/9. Give s(b).
-4
Let p be 2 + 2 - (-4)/(-1). Suppose p = m - 1 + 3. Let q(n) = -3*n**2 - 4*n - 2. Determine q(m).
-6
Let f(p) = -p + 4. Let w be f(4). Suppose 5*x = -w*x + 10. Let c(o) = 0 + 5 - o - x. Determine c(0).
3
Let k(j) = -j**2 + 2*j - 3. Let u = -10 - -13. Let w be k(u). Let p(q) = q**3 + 6*q**2 - 5. Give p(w).
-5
Let q(s) = -s**3 - 6*s**2 + 16*s + 2. Let u be q(-8). Let m(w) = -10*w + 1. Let f(g) = 5*g - 1. Let z(h) = 5*f(h) + 2*m(h). What is z(u)?
7
Suppose 0 = 4*w + s + 21, -5*s + 10 = -0*w - 3*w. Let h = w - -4. Let k(f) = -8*f**3 - f**2 + 1. What is k(h)?
8
Let a(i) = -i - 12. Let d = 52 + -57. What is a(d)?
-7
Let q(x) be the second derivative of -5*x**4/12 + 12*x. Calculate q(-1).
-5
Suppose -20 = -2*p + 7*p. Let x(z) = -z**3 - 6*z**2 - 3*z + 4. Calculate x(p).
-16
Suppose 2*d - 22 = -5*o + 21, 2*o + d = 18. Suppose h = -5*w - 19, -5*h - 5*w - 2 = -o. Let s(z) = -z**3 + 7*z**2 - 6*z - 5. Calculate s(h).
-5
Let n be 1 + 24/(-4)*(-2)/(-4). Let a(i) = -i**2 + 1. Let c(s) = -3*s**2 + s + 3. Let x(z) = 2*a(z) - c(z). Calculate x(n).
5
Suppose -5*n + 22 = 2. Let d(h) be the second derivative of -2*h + 0 + 1/6*h**3 - 1/2*h**2. Calculate d(n).
3
Let r(g) = -3*g**2 + 4*g + 5. Let j(f) = f**2 - f - 1. Let i(s) = -j(s) - r(s). Calculate i(3).
5
Let u be (-4)/(-14) + 38/14. Let v(m) = -m**2 + 4*m - 4. Give v(u).
-1
Let h(a) = 0*a - 225 + a + 226. What is h(-1)?
0
Let l be (-6 - (-6)/2)/(-1). Let z(p) = -2 - 2*p - 1 + 2 + p**2. Calculate z(l).
2
Let y(b) = 5*b - 12. Let q(c) = 5*c - 14. Let w(h) = 5*q(h) - 6*y(h). Determine w(-3).
17
Let s(h) = -h**3 + h**2 - h + 5. Let f(b) = -b**2 + 3*b + 2. Let y(a) = 2*a**2 - 2*a - 1. Let x(g) = 3*f(g) + 2*y(g). Let n be x(-4). Give s(n).
5
Let c(y) = -6*y**3 + 8*y**2 - 6*y - 7. Let a(g) be the first derivative of g**4/4 - g**3/3 + g**2/2 + g + 1. Let p(h) = -5*a(h) - c(h). Determine p(2).
0
Let y(h) = -6*h**3 + 2*h**2 + h. Let t(n) = -n**3 + n**2. Let s(f) = -5*t(f) + y(f). Let w be 1*-1 + 2 + -3. Give s(w).
-6
Let o be (2/(-6))/(6/(-54)). Let v(n) = -n**2 + 5*n - 2. Give v(o).
4
Suppose 5*i + 24 = 2*w, -5*w = -0*w - 4*i - 26. Let a(m) = -9*m**2 + 4*m - 9. Let o(q) = 13*q**2 - 6*q + 13. Let z(y) = 7*a(y) + 5*o(y). What is z(w)?
6
Let k(b) = -2*b**3 + 5*b**2 - 8. Let g(i) = i**3 - 3*i**2 + 4. Let w(t) = 5*g(t) + 3*k(t). Let o be 2 + -1 - 1/1. What is w(o)?
-4
Let a be (-3)/(25/(-10)*(-3)/5). Let x(u) = 2*u - 1. Give x(a).
-5
Let w be (-51)/18 + 0 + 3. Let r(t) be the second derivative of -3/2*t**2 + 1/20*t**5 - 5/12*t**4 + w*t**3 - t + 0. What is r(5)?
2
Let b(y) = 2*y**3 - 4*y**2 + 4*y - 2. Let h = -15 - -9. Let l be (-16)/(-6) - (-4)/h. Give b(l).
6
Let w(j) = -j**3 + 2*j**2 + j - 1. Let h be (30/(-9))/((-2)/6). Suppose -4*k - k = h. Let r(l) = 2*l**2 + 4*l + 3. Let u be r(k). Determine w(u).
-7
Let p be ((-1)/(-4))/(-3 + 75/24). Let w(g) = -3*g**3 + 2*g + 1. Give w(p).
-19
Let b(g) = g**2 - g + 4. Let z be -3*(1 - 0) - -4. Suppose -2*q - 2*m = 8, -4*q - 5 + z = m. Determine b(q).
4
Let n(y) = -4*y**3 - y + 1. Let u(r) = -3*r + 22. Let c be u(7). What is n(c)?
-4
Suppose 20 = -4*o - 4. Let w(v) = -1. Let i(f) = f + 6. Let n(c) = -i(c) - 3*w(c). Calculate n(o).
3
Let y = 1 + 1. Let a(j) = j**3 - 4*j + 3. What is a(y)?
3
Let n(t) = t**3 + t**2 - 5*t - 3. Let a(h) be the first derivative of h**3/3 + 6*h**2 - 16*h + 1. Let w be a(-13). Calculate n(w).
-6
Suppose 0 = i - 4*i + 33. Suppose 0 = -2*y + 3 - i. Let j(f) be the third derivative of -f**4/24 + 2*f**3/3 - f**2. Calculate j(y).
8
Let y(h) = h**2 - 3*h + 0*h**2 - h. Let m = 2 - 3. Let d be ((-8)/(-20))/(m/(-10)). What is y(d)?
0
Let t(s) = -6*s + s + 2 - 13. Let b(v) = 3*v + 7. Let r(j) = -8*b(j) - 5*t(j). Determine r(3).
2
Let s(a) = -6*a**3 - 35*a**2 - 11*a - 5. Let z(i) = -i**3 - 7*i**2 - 2*i - 1. Let g(c) = 2*s(c) - 11*z(c). Calculate g(7).
1
Suppose 4*h = -4 - 4. Let q be (-75)/(-27) + h/(-9). Let v(f) = -3*f**q + 4*f**3 + 4*f - 1 - 5*f**2 - 4. Calculate v(4).
-5
Let a(t) = -3*t - 6. Let g(o) = -o**2 - 8*o - 17. Let l(v) = -11*a(v) + 4*g(v). Give l(2).
-16
Let z be (-22)/(-5) - (-4)/(-10). Let l(o) = 2*o**2 + o + 3*o**2 + o - z + o**3. Suppose 2 = -2*y - 4. Determine l(y).
8
Let v(p) = -1041*p**2 - 7*p + 0*p + 1040*p**2 + 5. Calculate v(-7).
5
Let r be (-416)/(-20) + 2/10. Suppose 4*d - 2*k = -k - r, -2 = -2*k. Let s(t) = t**3 + 5*t**2 - 4. Determine s(d).
-4
Let x(l) be the second derivative of -l**3/3 - l**2/2 - l. Suppose 10 = 2*o - 3*o. Let d be 5/o + (-14)/(-4). Give x(d).
-7
Let s(z) = -z - 1 + 3 + 5. Determine s(0).
7
Let o(l) be the first derivative of 9*l**2/2 + l + 10. What is o(2)?
19
Let f(j) be the third derivative of -j**5/60 - 13*j**4/24 - 4*j**3/3 + 36*j**2. Calculate f(-12).
4
Let a be 1 + (-12)/(-3) - 1. Suppose a*r - 6 = r. Let d(s) = -s**3 - s**2 + 3*s - 1. Calculate d(r).
-7
Suppose 0 = -5*l + 20. Suppose -3*r + l*r - 4 = 0. Let o(d) = -d + 3*d + 1 - r*d + 1. Give o(5).
-8
Let c(p) = p**2 - 4*p + 3. Let s(u) = -u**3 - 6*u**2 - 7*u - 7. Let w = -1 - -6. Suppose w*m + 18 = -7. Let j be s(m). Calculate c(j).
0
Let v(g) = g**3 + 3*g**2 - g. Let l(u) = -u**2 - 5*u**2 + 4*u**2 - 2*u**2 - u**3 + u. Let s(r) = -2*l(r) - 3*v(r). Determine s(1).
-1
Suppose -3*d - 2 = 2*o, -6*o + 3*o + d + 8 = 0. Let k(q) = 0*q**o - q**2 + 0 - 1. Calculate k(-2).
-5
Suppose -5*t + 37 = 2*z - 11, -3*t = 5*z - 44. Let k(g) = 2*g - 8. Determine k(t).
8
Let z(u) = u**3 + 8*u**2 + 9*u + 6. Let h be z(-6). Suppose k + 4*q + h = -0*k, 0 = 3*k - 3*q - 3. Let y(o) = -o**3 - 5*o**2 - 6*o - 5. What is y(k)?
3
Let p = 6 + -1. Let d(y) = -5*y**3 - 12*y**2 + 5*y - 1. Let l(g) = g**3 + g**2 - 1. Let b(s) = -d(s) - 6*l(s). Calculate b(p).
7
Let k(c) = c**3 + c**2 + 2. Let u(o) = -o**3 - o**2 + o. Let w be u(0). Determine k(w).
2
Let u(r) = r**3 - 4*r**2 - 4*r - 4. Let n(a) = -a + 5. Let v be n(-5). Suppose y + 0*y - 5*g = -v, 3 = g. What is u(y)?
1
Let b be 1*(10 + -8)/(1 + 0). Let c(w) 